CRAN Package Check Results for Package nullabor

Last updated on 2019-01-15 00:46:37 CET.

Flavor Version Tinstall Tcheck Ttotal Status Flags
r-devel-linux-x86_64-debian-clang 0.3.5 5.74 216.41 222.15 OK
r-devel-linux-x86_64-debian-gcc 0.3.5 5.06 163.35 168.41 OK
r-devel-linux-x86_64-fedora-clang 0.3.5 253.95 NOTE
r-devel-linux-x86_64-fedora-gcc 0.3.5 246.77 NOTE
r-devel-windows-ix86+x86_64 0.3.5 12.00 218.00 230.00 OK
r-patched-linux-x86_64 0.3.5 5.22 197.35 202.57 OK
r-patched-solaris-x86 0.3.5 334.80 NOTE
r-release-linux-x86_64 0.3.5 6.14 194.80 200.94 OK
r-release-windows-ix86+x86_64 0.3.5 17.00 185.00 202.00 OK
r-release-osx-x86_64 0.3.5 NOTE
r-oldrel-windows-ix86+x86_64 0.3.5 13.00 225.00 238.00 OK
r-oldrel-osx-x86_64 0.3.5 NOTE

Check Details

Version: 0.3.5
Check: dependencies in R code
Result: NOTE
    Namespaces in Imports field not imported from:
     ‘forecast’ ‘rlang’ ‘tidyverse’ ‘tsibble’
     All declared Imports should be used.
Flavors: r-devel-linux-x86_64-fedora-clang, r-devel-linux-x86_64-fedora-gcc, r-patched-solaris-x86, r-release-osx-x86_64, r-oldrel-osx-x86_64