CRAN Package Check Results for Package nycflights13

Last updated on 2019-01-15 00:46:37 CET.

Flavor Version Tinstall Tcheck Ttotal Status Flags
r-devel-linux-x86_64-debian-clang 1.0.0 8.83 29.57 38.40 OK
r-devel-linux-x86_64-debian-gcc 1.0.0 9.07 24.50 33.57 OK
r-devel-linux-x86_64-fedora-clang 1.0.0 48.59 NOTE
r-devel-linux-x86_64-fedora-gcc 1.0.0 48.77 OK
r-devel-windows-ix86+x86_64 1.0.0 13.00 41.00 54.00 NOTE
r-patched-linux-x86_64 1.0.0 9.75 27.37 37.12 OK
r-patched-solaris-x86 1.0.0 76.50 NOTE
r-release-linux-x86_64 1.0.0 10.16 26.89 37.05 OK
r-release-windows-ix86+x86_64 1.0.0 18.00 41.00 59.00 NOTE
r-release-osx-x86_64 1.0.0 NOTE
r-oldrel-windows-ix86+x86_64 1.0.0 13.00 42.00 55.00 NOTE
r-oldrel-osx-x86_64 1.0.0 NOTE

Check Details

Version: 1.0.0
Check: installed package size
Result: NOTE
     installed size is 7.0Mb
     sub-directories of 1Mb or more:
     data 6.9Mb
Flavors: r-devel-linux-x86_64-fedora-clang, r-devel-windows-ix86+x86_64, r-patched-solaris-x86, r-release-windows-ix86+x86_64, r-release-osx-x86_64, r-oldrel-windows-ix86+x86_64, r-oldrel-osx-x86_64