Last updated on 2019-01-15 00:46:37 CET.
Flavor | Version | Tinstall | Tcheck | Ttotal | Status | Flags |
---|---|---|---|---|---|---|
r-devel-linux-x86_64-debian-clang | 1.0-1 | 192.41 | 367.80 | 560.21 | OK | |
r-devel-linux-x86_64-debian-gcc | 1.0-1 | 157.31 | 282.22 | 439.53 | OK | |
r-devel-linux-x86_64-fedora-clang | 1.0-1 | 729.10 | NOTE | |||
r-devel-linux-x86_64-fedora-gcc | 1.0-1 | 667.74 | OK | |||
r-devel-windows-ix86+x86_64 | 1.0-1 | 301.00 | 451.00 | 752.00 | NOTE | |
r-patched-linux-x86_64 | 1.0-1 | 204.86 | 343.02 | 547.88 | OK | |
r-patched-solaris-x86 | 1.0-1 | 746.10 | NOTE | |||
r-release-linux-x86_64 | 1.0-1 | 199.81 | 348.67 | 548.48 | OK | |
r-release-windows-ix86+x86_64 | 1.0-1 | 445.00 | 442.00 | 887.00 | NOTE | |
r-release-osx-x86_64 | 1.0-1 | NOTE | ||||
r-oldrel-windows-ix86+x86_64 | 1.0-1 | 289.00 | 544.00 | 833.00 | NOTE | |
r-oldrel-osx-x86_64 | 1.0-1 | NOTE |
Version: 1.0-1
Check: installed package size
Result: NOTE
installed size is 11.1Mb
sub-directories of 1Mb or more:
R 2.1Mb
doc 1.5Mb
help 2.4Mb
libs 3.4Mb
Flavors: r-devel-linux-x86_64-fedora-clang, r-devel-windows-ix86+x86_64, r-patched-solaris-x86, r-release-windows-ix86+x86_64, r-release-osx-x86_64, r-oldrel-windows-ix86+x86_64, r-oldrel-osx-x86_64