Last updated on 2019-01-15 00:46:37 CET.
Flavor | Version | Tinstall | Tcheck | Ttotal | Status | Flags |
---|---|---|---|---|---|---|
r-devel-linux-x86_64-debian-clang | 1.1.1 | 2.95 | 36.15 | 39.10 | OK | |
r-devel-linux-x86_64-debian-gcc | 1.1.1 | 2.84 | 28.70 | 31.54 | OK | |
r-devel-linux-x86_64-fedora-clang | 1.1.1 | 46.54 | OK | |||
r-devel-linux-x86_64-fedora-gcc | 1.1.1 | 43.65 | OK | |||
r-devel-windows-ix86+x86_64 | 1.1.1 | 5.00 | 47.00 | 52.00 | OK | |
r-patched-linux-x86_64 | 1.1.1 | 3.73 | 33.90 | 37.63 | OK | |
r-patched-solaris-x86 | 1.1.1 | 69.00 | OK | |||
r-release-linux-x86_64 | 1.1.1 | 2.46 | 33.63 | 36.09 | OK | |
r-release-windows-ix86+x86_64 | 1.1.1 | 11.00 | 50.00 | 61.00 | OK | |
r-release-osx-x86_64 | 1.1.1 | NOTE | ||||
r-oldrel-windows-ix86+x86_64 | 1.1.1 | 4.00 | 46.00 | 50.00 | OK | |
r-oldrel-osx-x86_64 | 1.1.1 | NOTE |
Version: 1.1.1
Check: package dependencies
Result: NOTE
Package suggested but not available for checking: ‘org.At.tair.db’
Flavor: r-release-osx-x86_64
Version: 1.1.1
Check: package dependencies
Result: NOTE
Packages suggested but not available for checking:
‘Biobase’ ‘annotate’ ‘GO.db’ ‘org.At.tair.db’
Flavor: r-oldrel-osx-x86_64
Version: 1.1.1
Check: Rd cross-references
Result: NOTE
Package unavailable to check Rd xrefs: ‘Biobase’
Flavor: r-oldrel-osx-x86_64