CRAN Package Check Results for Package originr

Last updated on 2019-01-15 00:46:37 CET.

Flavor Version Tinstall Tcheck Ttotal Status Flags
r-devel-linux-x86_64-debian-clang 0.3.0 2.68 37.93 40.61 OK
r-devel-linux-x86_64-debian-gcc 0.3.0 2.24 30.38 32.62 OK
r-devel-linux-x86_64-fedora-clang 0.3.0 48.48 NOTE
r-devel-linux-x86_64-fedora-gcc 0.3.0 47.58 NOTE
r-devel-windows-ix86+x86_64 0.3.0 6.00 54.00 60.00 OK
r-patched-linux-x86_64 0.3.0 2.81 35.51 38.32 OK
r-patched-solaris-x86 0.3.0 82.60 NOTE
r-release-linux-x86_64 0.3.0 2.85 35.70 38.55 OK
r-release-windows-ix86+x86_64 0.3.0 12.00 51.00 63.00 OK
r-release-osx-x86_64 0.3.0 NOTE
r-oldrel-windows-ix86+x86_64 0.3.0 6.00 54.00 60.00 OK
r-oldrel-osx-x86_64 0.3.0 NOTE

Check Details

Version: 0.3.0
Check: data for non-ASCII characters
Result: NOTE
     Note: found 2 marked UTF-8 strings
Flavors: r-devel-linux-x86_64-fedora-clang, r-devel-linux-x86_64-fedora-gcc, r-patched-solaris-x86, r-release-osx-x86_64, r-oldrel-osx-x86_64