CRAN Package Check Results for Package oshka

Last updated on 2019-01-15 00:46:37 CET.

Flavor Version Tinstall Tcheck Ttotal Status Flags
r-devel-linux-x86_64-debian-clang 0.1.2 1.04 23.21 24.25 ERROR
r-devel-linux-x86_64-debian-gcc 0.1.2 0.82 23.15 23.97 OK
r-devel-linux-x86_64-fedora-clang 0.1.2 35.70 OK
r-devel-linux-x86_64-fedora-gcc 0.1.2 34.80 OK
r-devel-windows-ix86+x86_64 0.1.2 3.00 42.00 45.00 OK
r-patched-linux-x86_64 0.1.2 0.92 26.37 27.29 NOTE
r-patched-solaris-x86 0.1.2 48.00 OK
r-release-linux-x86_64 0.1.2 0.93 25.90 26.83 NOTE
r-release-windows-ix86+x86_64 0.1.2 3.00 37.00 40.00 OK
r-release-osx-x86_64 0.1.2 OK
r-oldrel-windows-ix86+x86_64 0.1.2 3.00 44.00 47.00 OK
r-oldrel-osx-x86_64 0.1.2 OK

Check Details

Version: 0.1.2
Check: package dependencies
Result: NOTE
    Package suggested but not available for checking: ‘unitizer’
Flavor: r-devel-linux-x86_64-debian-clang

Version: 0.1.2
Check: tests
Result: ERROR
     Running ‘run.R’ [0s/1s]
    Running the tests in ‘tests/run.R’ failed.
    Complete output:
     > library(unitizer)
     Error in library(unitizer) : there is no package called 'unitizer'
     Execution halted
Flavor: r-devel-linux-x86_64-debian-clang

Version: 0.1.2
Check: DESCRIPTION meta-information
Result: NOTE
    Dependence on R version ‘3.3.2’ not with patchlevel 0
Flavors: r-patched-linux-x86_64, r-release-linux-x86_64