CRAN Package Check Results for Package parmsurvfit

Last updated on 2019-01-15 00:46:38 CET.

Flavor Version Tinstall Tcheck Ttotal Status Flags
r-devel-linux-x86_64-debian-clang 0.1.0 6.38 82.95 89.33 OK
r-devel-linux-x86_64-debian-gcc 0.1.0 4.98 64.23 69.21 OK
r-devel-linux-x86_64-fedora-clang 0.1.0 103.06 NOTE
r-devel-linux-x86_64-fedora-gcc 0.1.0 97.98 NOTE
r-devel-windows-ix86+x86_64 0.1.0 9.00 94.00 103.00 OK
r-patched-linux-x86_64 0.1.0 5.61 76.54 82.15 OK
r-patched-solaris-x86 0.1.0 147.60 NOTE
r-release-linux-x86_64 0.1.0 6.06 77.24 83.30 OK
r-release-windows-ix86+x86_64 0.1.0 15.00 88.00 103.00 OK
r-release-osx-x86_64 0.1.0 NOTE
r-oldrel-osx-x86_64 0.1.0 ERROR

Check Details

Version: 0.1.0
Check: dependencies in R code
Result: NOTE
    Namespace in Imports field not imported from: ‘flexsurv’
     All declared Imports should be used.
Flavors: r-devel-linux-x86_64-fedora-clang, r-devel-linux-x86_64-fedora-gcc, r-patched-solaris-x86, r-release-osx-x86_64

Version: 0.1.0
Check: whether package can be installed
Result: ERROR
    Installation failed.
Flavor: r-oldrel-osx-x86_64