Last updated on 2019-01-15 00:46:38 CET.
Flavor | Version | Tinstall | Tcheck | Ttotal | Status | Flags |
---|---|---|---|---|---|---|
r-devel-linux-x86_64-debian-clang | 4.0.3 | 78.11 | 98.87 | 176.98 | NOTE | |
r-devel-linux-x86_64-debian-gcc | 4.0.3 | 68.94 | 77.44 | 146.38 | NOTE | |
r-devel-linux-x86_64-fedora-clang | 4.0.3 | 246.92 | NOTE | |||
r-devel-linux-x86_64-fedora-gcc | 4.0.3 | 224.39 | NOTE | |||
r-devel-windows-ix86+x86_64 | 4.0.3 | 175.00 | 224.00 | 399.00 | WARN | |
r-patched-linux-x86_64 | 4.0.3 | 85.57 | 91.86 | 177.43 | OK | |
r-patched-solaris-x86 | 4.0.3 | 260.20 | NOTE | |||
r-release-linux-x86_64 | 4.0.3 | 82.45 | 94.05 | 176.50 | OK | |
r-release-windows-ix86+x86_64 | 4.0.3 | 275.00 | 136.00 | 411.00 | NOTE | |
r-release-osx-x86_64 | 4.0.3 | NOTE | ||||
r-oldrel-windows-ix86+x86_64 | 4.0.3 | 178.00 | 155.00 | 333.00 | NOTE | |
r-oldrel-osx-x86_64 | 4.0.3 | NOTE |
Version: 4.0.3
Check: line endings in C/C++/Fortran sources/headers
Result: NOTE
Found the following sources/headers not terminated with a newline:
inst/include/pcadapt/bed-acc.h
inst/include/pcadapt/mat-acc.h
Some compilers warn on such files.
Flavors: r-devel-linux-x86_64-debian-clang, r-devel-linux-x86_64-debian-gcc, r-devel-linux-x86_64-fedora-clang, r-devel-linux-x86_64-fedora-gcc, r-devel-windows-ix86+x86_64
Version: 4.0.3
Check: installed package size
Result: NOTE
installed size is 9.2Mb
sub-directories of 1Mb or more:
doc 2.9Mb
extdata 2.7Mb
libs 2.8Mb
Flavors: r-devel-linux-x86_64-fedora-clang, r-devel-windows-ix86+x86_64, r-patched-solaris-x86, r-release-windows-ix86+x86_64, r-release-osx-x86_64, r-oldrel-windows-ix86+x86_64, r-oldrel-osx-x86_64
Version: 4.0.3
Check: whether package can be installed
Result: WARN
Found the following significant warnings:
d:/RCompile/CRANpkg/lib/3.6/BH/include/boost/interprocess/detail/win32_api.hpp:151:9: warning: ISO C++ prohibits anonymous structs [-Wpedantic]
d:/RCompile/CRANpkg/lib/3.6/BH/include/boost/interprocess/detail/win32_api.hpp:159:9: warning: ISO C++ prohibits anonymous structs [-Wpedantic]
d:/RCompile/CRANpkg/lib/3.6/BH/include/boost/interprocess/detail/win32_api.hpp:184:13: warning: ISO C++ prohibits anonymous structs [-Wpedantic]
d:/RCompile/CRANpkg/lib/3.6/BH/include/boost/interprocess/detail/win32_api.hpp:186:7: warning: ISO C++ prohibits anonymous structs [-Wpedantic]
d:/RCompile/CRANpkg/lib/3.6/BH/include/boost/winapi/basic_types.hpp:212:44: warning: ISO C++ 1998 does not support 'long long' [-Wlong-long]
d:/RCompile/CRANpkg/lib/3.6/BH/include/boost/winapi/basic_types.hpp:213:53: warning: ISO C++ 1998 does not support 'long long' [-Wlong-long]
Flavor: r-devel-windows-ix86+x86_64