Last updated on 2019-01-15 00:46:38 CET.
Flavor | Version | Tinstall | Tcheck | Ttotal | Status | Flags |
---|---|---|---|---|---|---|
r-devel-linux-x86_64-debian-clang | 1.0.2 | 74.85 | 47.25 | 122.10 | OK | |
r-devel-linux-x86_64-debian-gcc | 1.0.2 | 59.89 | 37.50 | 97.39 | OK | |
r-devel-linux-x86_64-fedora-clang | 1.0.2 | 135.97 | NOTE | |||
r-devel-linux-x86_64-fedora-gcc | 1.0.2 | 119.96 | OK | |||
r-devel-windows-ix86+x86_64 | 1.0.2 | 73.00 | 133.00 | 206.00 | OK | |
r-patched-linux-x86_64 | 1.0.2 | 72.02 | 41.16 | 113.18 | OK | |
r-patched-solaris-x86 | 1.0.2 | 129.50 | OK | |||
r-release-linux-x86_64 | 1.0.2 | 63.67 | 41.77 | 105.44 | OK | |
r-release-windows-ix86+x86_64 | 1.0.2 | 125.00 | 81.00 | 206.00 | OK | |
r-release-osx-x86_64 | 1.0.2 | NOTE | ||||
r-oldrel-windows-ix86+x86_64 | 1.0.2 | 73.00 | 94.00 | 167.00 | OK | |
r-oldrel-osx-x86_64 | 1.0.2 | OK |
Version: 1.0.2
Check: installed package size
Result: NOTE
installed size is 5.2Mb
sub-directories of 1Mb or more:
libs 3.5Mb
Flavors: r-devel-linux-x86_64-fedora-clang, r-release-osx-x86_64