CRAN Package Check Results for Package pcnetmeta

Last updated on 2019-01-15 00:46:38 CET.

Flavor Version Tinstall Tcheck Ttotal Status Flags
r-devel-linux-x86_64-debian-clang 2.6 4.20 37.06 41.26 OK
r-devel-linux-x86_64-debian-gcc 2.6 3.24 31.61 34.85 OK
r-devel-linux-x86_64-fedora-clang 2.6 49.98 OK
r-devel-linux-x86_64-fedora-gcc 2.6 46.09 OK
r-devel-windows-ix86+x86_64 2.6 7.00 65.00 72.00 ERROR
r-patched-linux-x86_64 2.6 3.79 34.16 37.95 OK
r-patched-solaris-x86 2.6 76.50 OK
r-release-linux-x86_64 2.6 4.79 34.48 39.27 OK
r-release-windows-ix86+x86_64 2.6 10.00 45.00 55.00 OK
r-release-osx-x86_64 2.6 OK
r-oldrel-windows-ix86+x86_64 2.6 3.00 46.00 49.00 OK
r-oldrel-osx-x86_64 2.6 OK

Check Details

Version: 2.6
Check: examples
Result: ERROR
    Running examples in 'pcnetmeta-Ex.R' failed
    The error most likely occurred in:
    
    > ### Name: absolute.plot
    > ### Title: Plotting Treatment-Specific 95% Credible Intervals
    > ### Aliases: absolute.plot
    >
    > ### ** Examples
    >
    > data(smoke)
    > # increase n.iter to reach convergence
    > # increase n.adapt to enhance efficiency
    > set.seed(1234)
    > nma.out <- nma.ab.bin(s.id, t.id, r, n, data = smoke,
    + trtname = c("NC", "SH", "IC", "GC"), param= "AR",
    + model = "het_cor", n.adapt = 400, n.iter = 100, n.chains = 1)
    Start running MCMC...
    Compiling model graph
     Resolving undeclared variables
     Allocating nodes
    Graph information:
     Observed stochastic nodes: 50
     Unobserved stochastic nodes: 29
     Total graph size: 611
    
    Initializing model
    
    > absolute.plot(nma.out)
    The absolute plot is saved in your working directory:
    d:/Rcompile/CRANpkg/local/3.6/pcnetmeta.Rcheck
    > absolute.plot(nma.out, alphabetic = FALSE)
    The absolute plot is saved in your working directory:
    d:/Rcompile/CRANpkg/local/3.6/pcnetmeta.Rcheck
    >
    >
    >
    > cleanEx()
    Error: connections left open:
     modelstring (textConnection)
    Execution halted
Flavor: r-devel-windows-ix86+x86_64