Last updated on 2019-01-15 00:46:38 CET.
Flavor | Version | Tinstall | Tcheck | Ttotal | Status | Flags |
---|---|---|---|---|---|---|
r-devel-linux-x86_64-debian-clang | 2.4.0 | 50.11 | 235.38 | 285.49 | OK | |
r-devel-linux-x86_64-debian-gcc | 2.4.0 | 37.45 | 186.16 | 223.61 | OK | |
r-devel-linux-x86_64-fedora-clang | 2.4.0 | 346.86 | OK | |||
r-devel-linux-x86_64-fedora-gcc | 2.4.0 | 333.70 | OK | |||
r-devel-windows-ix86+x86_64 | 2.4.0 | 83.00 | 395.00 | 478.00 | OK | |
r-patched-linux-x86_64 | 2.4.0 | 42.69 | 222.22 | 264.91 | OK | |
r-patched-solaris-x86 | 2.4.0 | 400.30 | OK | |||
r-release-linux-x86_64 | 2.4.0 | 43.68 | 223.77 | 267.45 | OK | |
r-release-windows-ix86+x86_64 | 2.4.0 | 121.00 | 271.00 | 392.00 | OK | |
r-release-osx-x86_64 | 2.4.0 | OK | ||||
r-oldrel-windows-ix86+x86_64 | 2.4.0 | 81.00 | 342.00 | 423.00 | OK | |
r-oldrel-osx-x86_64 | 2.4.0 | NOTE |
Version: 2.4.0
Check: package dependencies
Result: NOTE
Package suggested but not available for checking: ‘Biostrings’
Flavor: r-oldrel-osx-x86_64