CRAN Package Check Results for Package pifpaf

Last updated on 2019-01-15 00:46:39 CET.

Flavor Version Tinstall Tcheck Ttotal Status Flags
r-devel-linux-x86_64-debian-clang 1.0.1 4.02 217.93 221.95 NOTE
r-devel-linux-x86_64-debian-gcc 1.0.1 3.23 153.88 157.11 NOTE
r-devel-linux-x86_64-fedora-clang 1.0.1 248.03 NOTE
r-devel-linux-x86_64-fedora-gcc 1.0.1 227.72 NOTE
r-devel-windows-ix86+x86_64 1.0.1 10.00 294.00 304.00 OK
r-patched-linux-x86_64 1.0.1 3.01 203.30 206.31 NOTE
r-patched-solaris-x86 1.0.1 293.00 NOTE
r-release-linux-x86_64 1.0.1 3.96 203.53 207.49 NOTE
r-release-windows-ix86+x86_64 1.0.1 20.00 200.00 220.00 OK
r-release-osx-x86_64 1.0.1 NOTE
r-oldrel-windows-ix86+x86_64 1.0.1 8.00 232.00 240.00 OK
r-oldrel-osx-x86_64 1.0.1 NOTE

Check Details

Version: 1.0.1
Check: DESCRIPTION meta-information
Result: NOTE
    Dependence on R version ‘3.4.1’ not with patchlevel 0
Flavors: r-devel-linux-x86_64-debian-clang, r-devel-linux-x86_64-debian-gcc, r-devel-linux-x86_64-fedora-clang, r-devel-linux-x86_64-fedora-gcc, r-patched-linux-x86_64, r-release-linux-x86_64

Version: 1.0.1
Check: dependencies in R code
Result: NOTE
    Namespace in Imports field not imported from: ‘gridExtra’
     All declared Imports should be used.
Flavors: r-devel-linux-x86_64-fedora-clang, r-devel-linux-x86_64-fedora-gcc, r-patched-solaris-x86, r-release-osx-x86_64, r-oldrel-osx-x86_64