Last updated on 2019-01-15 00:46:39 CET.
Flavor | Version | Tinstall | Tcheck | Ttotal | Status | Flags |
---|---|---|---|---|---|---|
r-devel-linux-x86_64-debian-clang | 0.0-3 | 6.04 | 63.28 | 69.32 | OK | |
r-devel-linux-x86_64-debian-gcc | 0.0-3 | 5.10 | 49.88 | 54.98 | OK | |
r-devel-linux-x86_64-fedora-clang | 0.0-3 | 81.50 | NOTE | |||
r-devel-linux-x86_64-fedora-gcc | 0.0-3 | 74.17 | NOTE | |||
r-devel-windows-ix86+x86_64 | 0.0-3 | 9.00 | 128.00 | 137.00 | OK | |
r-patched-linux-x86_64 | 0.0-3 | 5.40 | 59.49 | 64.89 | OK | |
r-patched-solaris-x86 | 0.0-3 | 118.30 | NOTE | |||
r-release-linux-x86_64 | 0.0-3 | 5.77 | 59.64 | 65.41 | OK | |
r-release-windows-ix86+x86_64 | 0.0-3 | 21.00 | 85.00 | 106.00 | OK | |
r-release-osx-x86_64 | 0.0-3 | NOTE | ||||
r-oldrel-windows-ix86+x86_64 | 0.0-3 | 11.00 | 96.00 | 107.00 | OK | |
r-oldrel-osx-x86_64 | 0.0-3 | NOTE |
Version: 0.0-3
Check: data for non-ASCII characters
Result: NOTE
Note: found 8 marked UTF-8 strings
Flavors: r-devel-linux-x86_64-fedora-clang, r-devel-linux-x86_64-fedora-gcc, r-patched-solaris-x86, r-release-osx-x86_64, r-oldrel-osx-x86_64