CRAN Package Check Results for Package polmineR

Last updated on 2019-01-15 00:46:39 CET.

Flavor Version Tinstall Tcheck Ttotal Status Flags
r-devel-linux-x86_64-debian-clang 0.7.11 17.20 208.64 225.84 OK
r-devel-linux-x86_64-debian-gcc 0.7.11 15.07 182.17 197.24 OK
r-devel-linux-x86_64-fedora-clang 0.7.11 203.57 OK
r-devel-linux-x86_64-fedora-gcc 0.7.11 194.48 OK
r-devel-windows-ix86+x86_64 0.7.11 26.00 219.00 245.00 OK
r-patched-linux-x86_64 0.7.11 16.09 194.17 210.26 OK
r-patched-solaris-x86 0.7.11 4.40 ERROR
r-release-linux-x86_64 0.7.11 16.35 143.45 159.80 OK
r-release-windows-ix86+x86_64 0.7.11 42.00 153.00 195.00 OK
r-release-osx-x86_64 0.7.11 WARN
r-oldrel-windows-ix86+x86_64 0.7.11 25.00 260.00 285.00 OK
r-oldrel-osx-x86_64 0.7.10 WARN

Check Details

Version: 0.7.11
Check: package dependencies
Result: ERROR
    Package required but not available: ‘RcppCWB’
    
    See section ‘The DESCRIPTION file’ in the ‘Writing R Extensions’
    manual.
Flavor: r-patched-solaris-x86

Version: 0.7.11
Check: re-building of vignette outputs
Result: WARN
    Error in re-building vignettes:
     ...
    Warning in engine$weave(file, quiet = quiet, encoding = enc) :
     Pandoc (>= 1.12.3) and/or pandoc-citeproc not available. Falling back to R Markdown v1.
    ... activating corpus: GERMAPARLMINI
    ... activating corpus: REUTERS
    Quitting from lines 139-140 (vignette.Rmd)
    Error: processing vignette 'vignette.Rmd' failed with diagnostics:
    cannot open the connection
    Execution halted
Flavor: r-release-osx-x86_64

Version: 0.7.10
Check: re-building of vignette outputs
Result: WARN
    Error in re-building vignettes:
     ...
    Warning in engine$weave(file, quiet = quiet, encoding = enc) :
     Pandoc (>= 1.12.3) and/or pandoc-citeproc not available. Falling back to R Markdown v1.
    ... activating corpus: germaparlmini
    ... activating corpus: reuters
    Quitting from lines 139-140 (vignette.Rmd)
    Error: processing vignette 'vignette.Rmd' failed with diagnostics:
    cannot open the connection
    Execution halted
Flavor: r-oldrel-osx-x86_64