CRAN Package Check Results for Package polyfreqs

Last updated on 2019-01-15 00:46:39 CET.

Flavor Version Tinstall Tcheck Ttotal Status Flags
r-devel-linux-x86_64-debian-clang 1.0.2 30.34 85.50 115.84 OK
r-devel-linux-x86_64-debian-gcc 1.0.2 28.05 62.08 90.13 OK
r-devel-linux-x86_64-fedora-clang 1.0.2 158.86 NOTE
r-devel-linux-x86_64-fedora-gcc 1.0.2 140.75 NOTE
r-devel-windows-ix86+x86_64 1.0.2 66.00 140.00 206.00 OK
r-patched-linux-x86_64 1.0.2 34.57 78.01 112.58 OK
r-patched-solaris-x86 1.0.2 181.80 OK
r-release-linux-x86_64 1.0.2 33.12 79.31 112.43 OK
r-release-windows-ix86+x86_64 1.0.2 86.00 113.00 199.00 OK
r-release-osx-x86_64 1.0.2 OK
r-oldrel-windows-ix86+x86_64 1.0.2 68.00 117.00 185.00 OK
r-oldrel-osx-x86_64 1.0.2 OK

Check Details

Version: 1.0.2
Check: compiled code
Result: NOTE
    File ‘polyfreqs/libs/polyfreqs.so’:
     Found no calls to: ‘R_registerRoutines’, ‘R_useDynamicSymbols’
    
    It is good practice to register native routines and to disable symbol
    search.
    
    See ‘Writing portable packages’ in the ‘Writing R Extensions’ manual.
Flavors: r-devel-linux-x86_64-fedora-clang, r-devel-linux-x86_64-fedora-gcc