Last updated on 2019-01-15 00:46:39 CET.
Flavor | Version | Tinstall | Tcheck | Ttotal | Status | Flags |
---|---|---|---|---|---|---|
r-devel-linux-x86_64-debian-clang | 0.7.3 | 7.22 | 219.41 | 226.63 | OK | |
r-devel-linux-x86_64-debian-gcc | 0.7.3 | 6.37 | 181.80 | 188.17 | OK | |
r-devel-linux-x86_64-fedora-clang | 0.7.3 | 265.86 | OK | |||
r-devel-linux-x86_64-fedora-gcc | 0.7.3 | 257.23 | OK | |||
r-devel-windows-ix86+x86_64 | 0.7.3 | 14.00 | 347.00 | 361.00 | OK | |
r-patched-linux-x86_64 | 0.7.3 | 7.13 | 213.14 | 220.27 | OK | |
r-patched-solaris-x86 | 0.7.3 | 394.40 | OK | |||
r-release-linux-x86_64 | 0.7.3 | 7.49 | 218.56 | 226.05 | OK | |
r-release-windows-ix86+x86_64 | 0.7.3 | 15.00 | 283.00 | 298.00 | OK | |
r-release-osx-x86_64 | 0.7.3 | OK | ||||
r-oldrel-windows-ix86+x86_64 | 0.7.3 | 5.00 | 319.00 | 324.00 | OK | |
r-oldrel-osx-x86_64 | 0.7.3 | NOTE |
Version: 0.7.3
Check: package dependencies
Result: NOTE
Package suggested but not available for checking: ‘PerfMeas’
Flavor: r-oldrel-osx-x86_64