CRAN Package Check Results for Package prioritizr

Last updated on 2019-01-15 00:46:39 CET.

Flavor Version Tinstall Tcheck Ttotal Status Flags
r-devel-linux-x86_64-debian-clang 4.0.2 284.94 390.15 675.09 NOTE
r-devel-linux-x86_64-debian-gcc 4.0.2 269.31 299.54 568.85 NOTE
r-devel-linux-x86_64-fedora-clang 4.0.2 919.11 NOTE
r-devel-linux-x86_64-fedora-gcc 4.0.2 870.31 NOTE
r-devel-windows-ix86+x86_64 4.0.2 562.00 883.00 1445.00 NOTE
r-patched-linux-x86_64 4.0.2 327.86 370.28 698.14 NOTE
r-patched-solaris-x86 4.0.2 1017.20 NOTE
r-release-linux-x86_64 4.0.2 327.49 378.15 705.64 NOTE
r-release-windows-ix86+x86_64 4.0.2 788.00 628.00 1416.00 NOTE
r-release-osx-x86_64 4.0.2 NOTE
r-oldrel-windows-ix86+x86_64 4.0.2 593.00 715.00 1308.00 NOTE
r-oldrel-osx-x86_64 4.0.2 NOTE

Check Details

Version: 4.0.2
Check: package dependencies
Result: NOTE
    Package suggested but not available for checking: ‘gurobi’
Flavors: r-devel-linux-x86_64-debian-clang, r-devel-linux-x86_64-debian-gcc, r-devel-linux-x86_64-fedora-clang, r-devel-linux-x86_64-fedora-gcc, r-devel-windows-ix86+x86_64, r-patched-linux-x86_64, r-release-linux-x86_64, r-release-windows-ix86+x86_64, r-oldrel-windows-ix86+x86_64

Version: 4.0.2
Check: installed package size
Result: NOTE
     installed size is 5.5Mb
     sub-directories of 1Mb or more:
     doc 1.2Mb
     libs 2.6Mb
Flavors: r-devel-windows-ix86+x86_64, r-release-windows-ix86+x86_64, r-oldrel-windows-ix86+x86_64

Version: 4.0.2
Check: package dependencies
Result: NOTE
    Packages suggested but not available for checking:
     ‘gurobi’ ‘lpsymphony’ ‘Rsymphony’
Flavors: r-patched-solaris-x86, r-release-osx-x86_64, r-oldrel-osx-x86_64