CRAN Package Check Results for Package probably

Last updated on 2019-01-15 00:46:40 CET.

Flavor Version Tinstall Tcheck Ttotal Status Flags
r-devel-linux-x86_64-debian-clang 0.0.1 3.24 54.14 57.38 OK
r-devel-linux-x86_64-debian-gcc 0.0.1 2.81 42.19 45.00 OK
r-devel-linux-x86_64-fedora-clang 0.0.1 66.96 OK
r-devel-linux-x86_64-fedora-gcc 0.0.1 62.16 OK
r-devel-windows-ix86+x86_64 0.0.1 7.00 107.00 114.00 OK
r-patched-linux-x86_64 0.0.1 3.23 46.55 49.78 OK
r-patched-solaris-x86 0.0.1 92.50 OK
r-release-linux-x86_64 0.0.1 3.35 47.42 50.77 OK
r-release-windows-ix86+x86_64 0.0.1 9.00 59.00 68.00 OK
r-release-osx-x86_64 0.0.1 WARN
r-oldrel-windows-ix86+x86_64 0.0.1 7.00 75.00 82.00 OK
r-oldrel-osx-x86_64 0.0.1 WARN

Check Details

Version: 0.0.1
Check: package dependencies
Result: NOTE
    Package suggested but not available for checking: ‘parsnip’
Flavors: r-release-osx-x86_64, r-oldrel-osx-x86_64

Version: 0.0.1
Check: re-building of vignette outputs
Result: WARN
    Error in re-building vignettes:
     ...
     Pandoc (>= 1.12.3) and/or pandoc-citeproc not available. Falling back to R Markdown v1.
    
    Attaching package: 'probably'
    
    The following objects are masked from 'package:base':
    
     as.factor, as.ordered
    
    
    Attaching package: 'dplyr'
    
    The following objects are masked from 'package:stats':
    
     filter, lag
    
    The following objects are masked from 'package:base':
    
     intersect, setdiff, setequal, union
    
    Warning in engine$weave(file, quiet = quiet, encoding = enc) :
     Pandoc (>= 1.12.3) and/or pandoc-citeproc not available. Falling back to R Markdown v1.
    Quitting from lines 29-44 (where-to-use.Rmd)
    Error: processing vignette 'where-to-use.Rmd' failed with diagnostics:
    there is no package called 'parsnip'
    Execution halted
Flavors: r-release-osx-x86_64, r-oldrel-osx-x86_64