CRAN Package Check Results for Package processmapR

Last updated on 2019-01-15 00:46:40 CET.

Flavor Version Tinstall Tcheck Ttotal Status Flags
r-devel-linux-x86_64-debian-clang 0.3.2 5.95 68.87 74.82 OK
r-devel-linux-x86_64-debian-gcc 0.3.2 5.24 53.56 58.80 OK
r-devel-linux-x86_64-fedora-clang 0.3.2 86.38 NOTE
r-devel-linux-x86_64-fedora-gcc 0.3.2 80.72 NOTE
r-devel-windows-ix86+x86_64 0.3.2 12.00 134.00 146.00 OK
r-patched-linux-x86_64 0.3.2 5.58 63.28 68.86 OK
r-patched-solaris-x86 0.3.2 129.90 NOTE
r-release-linux-x86_64 0.3.2 5.75 64.14 69.89 OK
r-release-windows-ix86+x86_64 0.3.2 18.00 72.00 90.00 OK
r-release-osx-x86_64 0.3.2 NOTE
r-oldrel-windows-ix86+x86_64 0.3.2 10.00 84.00 94.00 OK
r-oldrel-osx-x86_64 0.3.2 NOTE

Check Details

Version: 0.3.2
Check: dependencies in R code
Result: NOTE
    Namespace in Imports field not imported from: ‘viridis’
     All declared Imports should be used.
Flavors: r-devel-linux-x86_64-fedora-clang, r-devel-linux-x86_64-fedora-gcc, r-patched-solaris-x86, r-release-osx-x86_64, r-oldrel-osx-x86_64