CRAN Package Check Results for Package profile

Last updated on 2019-01-15 00:46:40 CET.

Flavor Version Tinstall Tcheck Ttotal Status Flags
r-devel-linux-x86_64-debian-clang 1.0 1.82 29.24 31.06 OK
r-devel-linux-x86_64-debian-gcc 1.0 1.26 23.04 24.30 OK
r-devel-linux-x86_64-fedora-clang 1.0 35.88 OK
r-devel-linux-x86_64-fedora-gcc 1.0 32.72 OK
r-devel-windows-ix86+x86_64 1.0 4.00 56.00 60.00 OK
r-patched-linux-x86_64 1.0 1.08 26.11 27.19 OK
r-patched-solaris-x86 1.0 43.60 ERROR
r-release-linux-x86_64 1.0 1.56 26.39 27.95 OK
r-release-windows-ix86+x86_64 1.0 6.00 39.00 45.00 OK
r-release-osx-x86_64 1.0 OK
r-oldrel-windows-ix86+x86_64 1.0 2.00 41.00 43.00 OK
r-oldrel-osx-x86_64 1.0 OK

Check Details

Version: 1.0
Check: package dependencies
Result: NOTE
    Package suggested but not available for checking: ‘RProtoBuf’
Flavor: r-patched-solaris-x86

Version: 1.0
Check: examples
Result: ERROR
    Running examples in ‘profile-Ex.R’ failed
    The error most likely occurred in:
    
    > ### Name: read_rprof
    > ### Title: File I/O for profiler data
    > ### Aliases: read_rprof read_pprof write_rprof write_pprof
    >
    > ### ** Examples
    >
    > rprof_file <- system.file("samples/rprof/1.out", package = "profile")
    > ds <- read_rprof(rprof_file)
    > ds
    Profile data: 22 samples
    > pprof_file <- tempfile("profile", fileext = ".pb.gz")
    > write_pprof(ds, pprof_file)
    Error: Package RProtoBuf is required to read pprof files.
    Execution halted
Flavor: r-patched-solaris-x86