Last updated on 2019-01-15 00:46:40 CET.
Flavor | Version | Tinstall | Tcheck | Ttotal | Status | Flags |
---|---|---|---|---|---|---|
r-devel-linux-x86_64-debian-clang | 0.0.4 | 1.78 | 61.80 | 63.58 | OK | |
r-devel-linux-x86_64-debian-gcc | 0.0.4 | 1.37 | 49.03 | 50.40 | OK | |
r-devel-linux-x86_64-fedora-clang | 0.0.4 | 73.03 | NOTE | |||
r-devel-linux-x86_64-fedora-gcc | 0.0.4 | 68.52 | OK | |||
r-devel-windows-ix86+x86_64 | 0.0.4 | 5.00 | 110.00 | 115.00 | NOTE | |
r-patched-linux-x86_64 | 0.0.4 | 1.58 | 61.41 | 62.99 | OK | |
r-patched-solaris-x86 | 0.0.4 | 104.60 | NOTE | |||
r-release-linux-x86_64 | 0.0.4 | 1.48 | 60.87 | 62.35 | OK | |
r-release-windows-ix86+x86_64 | 0.0.4 | 5.00 | 78.00 | 83.00 | NOTE | |
r-release-osx-x86_64 | 0.0.4 | NOTE | ||||
r-oldrel-windows-ix86+x86_64 | 0.0.4 | 4.00 | 74.00 | 78.00 | NOTE | |
r-oldrel-osx-x86_64 | 0.0.3 | NOTE |
Version: 0.0.4
Check: installed package size
Result: NOTE
installed size is 5.3Mb
sub-directories of 1Mb or more:
dict 5.1Mb
Flavors: r-devel-linux-x86_64-fedora-clang, r-devel-windows-ix86+x86_64, r-patched-solaris-x86, r-release-windows-ix86+x86_64, r-release-osx-x86_64, r-oldrel-windows-ix86+x86_64
Version: 0.0.3
Check: installed package size
Result: NOTE
installed size is 5.3Mb
sub-directories of 1Mb or more:
dict 5.1Mb
Flavor: r-oldrel-osx-x86_64