Last updated on 2019-01-15 00:46:40 CET.
Flavor | Version | Tinstall | Tcheck | Ttotal | Status | Flags |
---|---|---|---|---|---|---|
r-devel-linux-x86_64-debian-clang | 0.9.7 | 5.93 | 91.84 | 97.77 | OK | |
r-devel-linux-x86_64-debian-gcc | 0.9.7 | 4.61 | 78.09 | 82.70 | OK | |
r-devel-linux-x86_64-fedora-clang | 0.9.7 | 115.84 | NOTE | |||
r-devel-linux-x86_64-fedora-gcc | 0.9.7 | 115.55 | NOTE | |||
r-devel-windows-ix86+x86_64 | 0.9.7 | 8.00 | 149.00 | 157.00 | OK | |
r-patched-linux-x86_64 | 0.9.7 | 5.53 | 88.48 | 94.01 | OK | |
r-patched-solaris-x86 | 0.9.7 | 191.30 | NOTE | |||
r-release-linux-x86_64 | 0.9.7 | 4.87 | 89.43 | 94.30 | OK | |
r-release-windows-ix86+x86_64 | 0.9.7 | 12.00 | 109.00 | 121.00 | OK | |
r-release-osx-x86_64 | 0.9.7 | NOTE | ||||
r-oldrel-windows-ix86+x86_64 | 0.9.7 | 7.00 | 106.00 | 113.00 | OK | |
r-oldrel-osx-x86_64 | 0.9.7 | NOTE |
Version: 0.9.7
Check: data for non-ASCII characters
Result: NOTE
Note: found 76102 marked UTF-8 strings
Flavors: r-devel-linux-x86_64-fedora-clang, r-devel-linux-x86_64-fedora-gcc, r-patched-solaris-x86, r-release-osx-x86_64, r-oldrel-osx-x86_64