Last updated on 2019-01-15 00:46:40 CET.
Flavor | Version | Tinstall | Tcheck | Ttotal | Status | Flags |
---|---|---|---|---|---|---|
r-devel-linux-x86_64-debian-clang | 1.42-8 | 76.93 | 342.50 | 419.43 | OK | |
r-devel-linux-x86_64-debian-gcc | 1.42-8 | 56.64 | 251.51 | 308.15 | OK | |
r-devel-linux-x86_64-fedora-clang | 1.42-8 | 492.20 | NOTE | |||
r-devel-linux-x86_64-fedora-gcc | 1.42-8 | 456.93 | OK | |||
r-devel-windows-ix86+x86_64 | 1.42-8 | 152.00 | 560.00 | 712.00 | NOTE | |
r-patched-linux-x86_64 | 1.42-8 | 61.68 | 322.73 | 384.41 | OK | |
r-patched-solaris-x86 | 1.42-8 | 607.80 | NOTE | |||
r-release-linux-x86_64 | 1.42-8 | 65.39 | 321.78 | 387.17 | OK | |
r-release-windows-ix86+x86_64 | 1.42-8 | 192.00 | 415.00 | 607.00 | NOTE | |
r-release-osx-x86_64 | 1.42-8 | NOTE | ||||
r-oldrel-windows-ix86+x86_64 | 1.42-8 | 233.00 | 550.00 | 783.00 | NOTE | |
r-oldrel-osx-x86_64 | 1.42-8 | NOTE |
Version: 1.42-8
Check: installed package size
Result: NOTE
installed size is 11.5Mb
sub-directories of 1Mb or more:
R 1.7Mb
contrib 3.8Mb
doc 3.0Mb
libs 1.5Mb
Flavors: r-devel-linux-x86_64-fedora-clang, r-devel-windows-ix86+x86_64, r-patched-solaris-x86, r-release-windows-ix86+x86_64, r-release-osx-x86_64, r-oldrel-windows-ix86+x86_64, r-oldrel-osx-x86_64