CRAN Package Check Results for Package quickReg

Last updated on 2019-01-15 00:46:40 CET.

Flavor Version Tinstall Tcheck Ttotal Status Flags
r-devel-linux-x86_64-debian-clang 1.5.0 3.78 67.51 71.29 OK
r-devel-linux-x86_64-debian-gcc 1.5.0 2.63 51.97 54.60 OK
r-devel-linux-x86_64-fedora-clang 1.5.0 85.82 NOTE
r-devel-linux-x86_64-fedora-gcc 1.5.0 77.15 NOTE
r-devel-windows-ix86+x86_64 1.5.0 6.00 111.00 117.00 OK
r-patched-linux-x86_64 1.5.0 3.01 62.84 65.85 OK
r-patched-solaris-x86 1.5.0 116.80 NOTE
r-release-linux-x86_64 1.5.0 3.40 61.82 65.22 OK
r-release-windows-ix86+x86_64 1.5.0 9.00 80.00 89.00 OK
r-release-osx-x86_64 1.5.0 NOTE
r-oldrel-windows-ix86+x86_64 1.5.0 6.00 91.00 97.00 OK
r-oldrel-osx-x86_64 1.5.0 NOTE

Check Details

Version: 1.5.0
Check: dependencies in R code
Result: NOTE
    Namespace in Imports field not imported from: ‘psych’
     All declared Imports should be used.
Flavors: r-devel-linux-x86_64-fedora-clang, r-devel-linux-x86_64-fedora-gcc, r-patched-solaris-x86, r-release-osx-x86_64, r-oldrel-osx-x86_64