CRAN Package Check Results for Package rIsing

Last updated on 2019-01-15 00:46:43 CET.

Flavor Version Tinstall Tcheck Ttotal Status Flags
r-devel-linux-x86_64-debian-clang 0.1.0 28.37 26.06 54.43 OK
r-devel-linux-x86_64-debian-gcc 0.1.0 30.83 21.60 52.43 OK
r-devel-linux-x86_64-fedora-clang 0.1.0 79.37 NOTE
r-devel-linux-x86_64-fedora-gcc 0.1.0 74.25 NOTE
r-devel-windows-ix86+x86_64 0.1.0 50.00 71.00 121.00 OK
r-patched-linux-x86_64 0.1.0 32.66 25.11 57.77 OK
r-patched-solaris-x86 0.1.0 78.30 OK
r-release-linux-x86_64 0.1.0 36.96 24.66 61.62 OK
r-release-windows-ix86+x86_64 0.1.0 67.00 57.00 124.00 OK
r-release-osx-x86_64 0.1.0 NOTE
r-oldrel-windows-ix86+x86_64 0.1.0 56.00 58.00 114.00 OK
r-oldrel-osx-x86_64 0.1.0 NOTE

Check Details

Version: 0.1.0
Check: installed package size
Result: NOTE
     installed size is 12.8Mb
     sub-directories of 1Mb or more:
     libs 12.7Mb
Flavors: r-devel-linux-x86_64-fedora-clang, r-release-osx-x86_64, r-oldrel-osx-x86_64

Version: 0.1.0
Check: compiled code
Result: NOTE
    File ‘rIsing/libs/rIsing.so’:
     Found no calls to: ‘R_registerRoutines’, ‘R_useDynamicSymbols’
    
    It is good practice to register native routines and to disable symbol
    search.
    
    See ‘Writing portable packages’ in the ‘Writing R Extensions’ manual.
Flavors: r-devel-linux-x86_64-fedora-clang, r-devel-linux-x86_64-fedora-gcc