CRAN Package Check Results for Package radiant

Last updated on 2019-01-15 00:46:41 CET.

Flavor Version Tinstall Tcheck Ttotal Status Flags
r-devel-linux-x86_64-debian-clang 0.9.7 8.16 160.66 168.82 OK
r-devel-linux-x86_64-debian-gcc 0.9.7 6.51 123.89 130.40 OK
r-devel-linux-x86_64-fedora-clang 0.9.7 209.76 OK
r-devel-linux-x86_64-fedora-gcc 0.9.7 186.80 OK
r-devel-windows-ix86+x86_64 0.9.7 15.00 277.00 292.00 OK
r-patched-linux-x86_64 0.9.7 6.83 150.10 156.93 OK
r-patched-solaris-x86 0.9.7 311.30 OK
r-release-linux-x86_64 0.9.7 6.77 148.45 155.22 OK
r-release-windows-ix86+x86_64 0.9.7 19.00 183.00 202.00 OK
r-release-osx-x86_64 0.9.7 WARN
r-oldrel-windows-ix86+x86_64 0.9.7 16.00 202.00 218.00 OK
r-oldrel-osx-x86_64 0.9.7 OK

Check Details

Version: 0.9.7
Check: whether package can be installed
Result: WARN
    Found the following significant warnings:
     Warning: package ‘dplyr’ was built under R version 3.5.1
Flavor: r-release-osx-x86_64