CRAN Package Check Results for Package rbugs

Last updated on 2019-01-15 00:46:41 CET.

Flavor Version Tinstall Tcheck Ttotal Status Flags
r-devel-linux-x86_64-debian-clang 0.5-9 1.52 20.03 21.55 WARN
r-devel-linux-x86_64-debian-gcc 0.5-9 1.21 16.18 17.39 WARN
r-devel-linux-x86_64-fedora-clang 0.5-9 25.08 WARN
r-devel-linux-x86_64-fedora-gcc 0.5-9 23.78 WARN
r-devel-windows-ix86+x86_64 0.5-9 3.00 40.00 43.00 WARN
r-patched-linux-x86_64 0.5-9 1.16 18.69 19.85 NOTE
r-patched-solaris-x86 0.5-9 38.80 NOTE
r-release-linux-x86_64 0.5-9 1.42 18.70 20.12 NOTE
r-release-windows-ix86+x86_64 0.5-9 4.00 30.00 34.00 NOTE
r-release-osx-x86_64 0.5-9 NOTE
r-oldrel-windows-ix86+x86_64 0.5-9 3.00 28.00 31.00 NOTE
r-oldrel-osx-x86_64 0.5-9 NOTE

Check Details

Version: 0.5-9
Check: dependencies in R code
Result: NOTE
    ':::' call which should be '::': ‘tools:::file_path_as_absolute’
     See the note in ?`:::` about the use of this operator.
    Unexported object imported by a ':::' call: ‘tools:::file_test’
     See the note in ?`:::` about the use of this operator.
Flavors: r-devel-linux-x86_64-debian-clang, r-devel-linux-x86_64-debian-gcc, r-devel-linux-x86_64-fedora-clang, r-devel-linux-x86_64-fedora-gcc, r-devel-windows-ix86+x86_64, r-patched-linux-x86_64, r-patched-solaris-x86, r-release-linux-x86_64, r-release-windows-ix86+x86_64, r-release-osx-x86_64, r-oldrel-windows-ix86+x86_64, r-oldrel-osx-x86_64

Version: 0.5-9
Check: S3 generic/method consistency
Result: NOTE
    Found the following apparent S3 methods exported but not registered:
     print.rbugs
    See section ‘Registering S3 methods’ in the ‘Writing R Extensions’
    manual.
Flavors: r-devel-linux-x86_64-debian-clang, r-devel-linux-x86_64-debian-gcc, r-devel-linux-x86_64-fedora-clang, r-devel-linux-x86_64-fedora-gcc, r-patched-linux-x86_64, r-patched-solaris-x86, r-release-linux-x86_64

Version: 0.5-9
Check: R code for possible problems
Result: NOTE
    genBugsScript: no visible global function definition for ‘runif’
    getBugsOutput: no visible global function definition for ‘read.table’
    rbugs2coda: no visible global function definition for ‘as.mcmc’
    rbugs2coda: no visible global function definition for ‘mcmc’
    rbugs2coda: no visible global function definition for ‘as.mcmc.list’
    Undefined global functions or variables:
     as.mcmc as.mcmc.list mcmc read.table runif
    Consider adding
     importFrom("stats", "runif")
     importFrom("utils", "read.table")
    to your NAMESPACE file.
Flavors: r-devel-linux-x86_64-debian-clang, r-devel-linux-x86_64-debian-gcc, r-devel-linux-x86_64-fedora-clang, r-devel-linux-x86_64-fedora-gcc, r-devel-windows-ix86+x86_64, r-patched-linux-x86_64, r-patched-solaris-x86, r-release-linux-x86_64, r-release-windows-ix86+x86_64, r-release-osx-x86_64, r-oldrel-windows-ix86+x86_64, r-oldrel-osx-x86_64

Version: 0.5-9
Check: data for non-ASCII characters
Result: WARN
     Error loading dataset 'rio':
     Error in .requirePackage(package) : unable to find required package 'sp'
    
     The dataset(s) may use package(s) not declared in the DESCRIPTION file.
Flavors: r-devel-linux-x86_64-debian-clang, r-devel-linux-x86_64-debian-gcc, r-devel-linux-x86_64-fedora-clang, r-devel-linux-x86_64-fedora-gcc, r-devel-windows-ix86+x86_64

Version: 0.5-9
Check: data for non-ASCII characters
Result: NOTE
     Note: found 33 marked UTF-8 strings
Flavors: r-patched-solaris-x86, r-release-osx-x86_64, r-oldrel-osx-x86_64