CRAN Package Check Results for Package reshape

Last updated on 2019-01-15 00:46:42 CET.

Flavor Version Tinstall Tcheck Ttotal Status Flags
r-devel-linux-x86_64-debian-clang 0.8.8 2.36 30.76 33.12 OK
r-devel-linux-x86_64-debian-gcc 0.8.8 2.37 24.86 27.23 OK
r-devel-linux-x86_64-fedora-clang 0.8.8 39.48 OK
r-devel-linux-x86_64-fedora-gcc 0.8.8 38.07 OK
r-devel-windows-ix86+x86_64 0.8.8 5.00 60.00 65.00 OK
r-patched-linux-x86_64 0.8.8 2.24 32.20 34.44 NOTE
r-patched-solaris-x86 0.8.8 59.90 NOTE
r-release-linux-x86_64 0.8.8 2.10 31.85 33.95 NOTE
r-release-windows-ix86+x86_64 0.8.8 7.00 46.00 53.00 NOTE
r-release-osx-x86_64 0.8.8 NOTE
r-oldrel-windows-ix86+x86_64 0.8.8 5.00 42.00 47.00 NOTE
r-oldrel-osx-x86_64 0.8.8 NOTE

Check Details

Version: 0.8.8
Check: S3 generic/method consistency
Result: NOTE
    Found the following apparent S3 methods exported but not registered:
     all.vars.character
    See section ‘Registering S3 methods’ in the ‘Writing R Extensions’
    manual.
Flavors: r-patched-linux-x86_64, r-patched-solaris-x86, r-release-linux-x86_64

Version: 0.8.8
Check: Rd \usage sections
Result: NOTE
    S3 methods shown with full name in documentation object 'all.vars.character':
     ‘all.vars.character’
    
    The \usage entries for S3 methods should use the \method markup and not
    their full name.
    See chapter ‘Writing R documentation files’ in the ‘Writing R
    Extensions’ manual.
Flavors: r-patched-linux-x86_64, r-patched-solaris-x86, r-release-linux-x86_64, r-release-windows-ix86+x86_64, r-release-osx-x86_64, r-oldrel-windows-ix86+x86_64, r-oldrel-osx-x86_64