CRAN Package Check Results for Package rhmmer

Last updated on 2019-01-15 00:46:42 CET.

Flavor Version Tinstall Tcheck Ttotal Status Flags
r-devel-linux-x86_64-debian-clang 0.1.0 0.95 22.49 23.44 OK
r-devel-linux-x86_64-debian-gcc 0.1.0 0.82 17.80 18.62 OK
r-devel-linux-x86_64-fedora-clang 0.1.0 27.63 NOTE
r-devel-linux-x86_64-fedora-gcc 0.1.0 26.36 NOTE
r-devel-windows-ix86+x86_64 0.1.0 3.00 45.00 48.00 OK
r-patched-linux-x86_64 0.1.0 0.89 20.49 21.38 OK
r-patched-solaris-x86 0.1.0 41.50 NOTE
r-release-linux-x86_64 0.1.0 0.93 20.40 21.33 OK
r-release-windows-ix86+x86_64 0.1.0 4.00 38.00 42.00 OK
r-release-osx-x86_64 0.1.0 NOTE
r-oldrel-windows-ix86+x86_64 0.1.0 2.00 35.00 37.00 OK
r-oldrel-osx-x86_64 0.1.0 NOTE

Check Details

Version: 0.1.0
Check: dependencies in R code
Result: NOTE
    Namespace in Imports field not imported from: ‘dplyr’
     All declared Imports should be used.
Flavors: r-devel-linux-x86_64-fedora-clang, r-devel-linux-x86_64-fedora-gcc, r-patched-solaris-x86, r-release-osx-x86_64, r-oldrel-osx-x86_64