CRAN Package Check Results for Package rollply

Last updated on 2019-01-15 00:46:43 CET.

Flavor Version Tinstall Tcheck Ttotal Status Flags
r-devel-linux-x86_64-debian-clang 0.5.0 17.52 105.02 122.54 OK
r-devel-linux-x86_64-debian-gcc 0.5.0 17.88 78.50 96.38 OK
r-devel-linux-x86_64-fedora-clang 0.5.0 153.58 NOTE
r-devel-linux-x86_64-fedora-gcc 0.5.0 142.34 NOTE
r-devel-windows-ix86+x86_64 0.5.0 34.00 144.00 178.00 WARN
r-patched-linux-x86_64 0.5.0 23.92 96.57 120.49 OK
r-patched-solaris-x86 0.5.0 229.30 OK
r-release-linux-x86_64 0.5.0 21.64 98.21 119.85 OK
r-release-windows-ix86+x86_64 0.5.0 53.00 149.00 202.00 OK
r-release-osx-x86_64 0.5.0 OK
r-oldrel-windows-ix86+x86_64 0.5.0 41.00 174.00 215.00 OK
r-oldrel-osx-x86_64 0.5.0 WARN

Check Details

Version: 0.5.0
Check: compiled code
Result: NOTE
    File ‘rollply/libs/rollply.so’:
     Found no calls to: ‘R_registerRoutines’, ‘R_useDynamicSymbols’
    
    It is good practice to register native routines and to disable symbol
    search.
    
    See ‘Writing portable packages’ in the ‘Writing R Extensions’ manual.
Flavors: r-devel-linux-x86_64-fedora-clang, r-devel-linux-x86_64-fedora-gcc

Version: 0.5.0
Check: re-building of vignette outputs
Result: WARN
    Error(s) in re-building vignettes:
    --- re-building 'rollply.Rmd' using rmarkdown
    trying URL 'http://www.nosdonnees.fr/wiki/images/b/b5/EUCircos_Regions_departements_circonscriptions_communes_gps.csv.gz'
    Warning in download.file(url, destfile = tmpfile) :
     cannot open URL 'http://www.nosdonnees.fr/wiki/images/b/b5/EUCircos_Regions_departements_circonscriptions_communes_gps.csv.gz': HTTP status was '503 Service Unavailable'
    Quitting from lines 106-130 (rollply.Rmd)
    Error: processing vignette 'rollply.Rmd' failed with diagnostics:
    cannot open URL 'http://www.nosdonnees.fr/wiki/images/b/b5/EUCircos_Regions_departements_circonscriptions_communes_gps.csv.gz'
    --- failed re-building 'rollply.Rmd'
    
    SUMMARY: processing the following file failed:
     'rollply.Rmd'
    
    Error: Vignette re-building failed.
    Execution halted
Flavor: r-devel-windows-ix86+x86_64

Version: 0.5.0
Check: package dependencies
Result: NOTE
    Packages suggested but not available for checking: ‘proj4’ ‘rgdal’
Flavor: r-oldrel-osx-x86_64

Version: 0.5.0
Check: re-building of vignette outputs
Result: WARN
    Error in re-building vignettes:
     ...
    Warning in engine$weave(file, quiet = quiet, encoding = enc) :
     Pandoc (>= 1.12.3) and/or pandoc-citeproc not available. Falling back to R Markdown v1.
    Quitting from lines 21-27 (rollply.Rmd)
    Error: processing vignette 'rollply.Rmd' failed with diagnostics:
    there is no package called 'proj4'
    Execution halted
Flavor: r-oldrel-osx-x86_64