Last updated on 2019-01-15 00:46:44 CET.
Flavor | Version | Tinstall | Tcheck | Ttotal | Status | Flags |
---|---|---|---|---|---|---|
r-devel-linux-x86_64-debian-clang | 0.7.0 | 3.43 | 36.07 | 39.50 | OK | |
r-devel-linux-x86_64-debian-gcc | 0.7.0 | 2.61 | 29.09 | 31.70 | OK | |
r-devel-linux-x86_64-fedora-clang | 0.7.0 | 45.86 | NOTE | |||
r-devel-linux-x86_64-fedora-gcc | 0.7.0 | 44.48 | NOTE | |||
r-devel-windows-ix86+x86_64 | 0.7.0 | 5.00 | 68.00 | 73.00 | OK | |
r-patched-linux-x86_64 | 0.7.0 | 2.46 | 33.06 | 35.52 | OK | |
r-patched-solaris-x86 | 0.7.0 | 68.40 | NOTE | |||
r-release-linux-x86_64 | 0.7.0 | 2.90 | 33.07 | 35.97 | OK | |
r-release-windows-ix86+x86_64 | 0.7.0 | 8.00 | 53.00 | 61.00 | OK | |
r-release-osx-x86_64 | 0.7.0 | NOTE | ||||
r-oldrel-windows-ix86+x86_64 | 0.7.0 | 6.00 | 50.00 | 56.00 | OK | |
r-oldrel-osx-x86_64 | 0.7.0 | NOTE |
Version: 0.7.0
Check: dependencies in R code
Result: NOTE
Namespace in Imports field not imported from: ‘stringr’
All declared Imports should be used.
Flavors: r-devel-linux-x86_64-fedora-clang, r-devel-linux-x86_64-fedora-gcc, r-patched-solaris-x86, r-release-osx-x86_64, r-oldrel-osx-x86_64