CRAN Package Check Results for Package rtrek

Last updated on 2019-01-15 00:46:44 CET.

Flavor Version Tinstall Tcheck Ttotal Status Flags
r-devel-linux-x86_64-debian-clang 0.2.0 3.59 51.31 54.90 OK
r-devel-linux-x86_64-debian-gcc 0.2.0 2.96 40.37 43.33 OK
r-devel-linux-x86_64-fedora-clang 0.2.0 64.02 NOTE
r-devel-linux-x86_64-fedora-gcc 0.2.0 59.97 NOTE
r-devel-windows-ix86+x86_64 0.2.0 8.00 114.00 122.00 OK
r-patched-linux-x86_64 0.2.0 3.16 46.82 49.98 OK
r-patched-solaris-x86 0.2.0 82.90 ERROR
r-release-linux-x86_64 0.2.0 2.53 47.23 49.76 OK
r-release-windows-ix86+x86_64 0.2.0 10.00 115.00 125.00 OK
r-release-osx-x86_64 0.2.0 WARN
r-oldrel-windows-ix86+x86_64 0.2.0 9.00 124.00 133.00 OK
r-oldrel-osx-x86_64 0.1.0 WARN

Check Details

Version: 0.2.0
Check: dependencies in R code
Result: NOTE
    Namespaces in Imports field not imported from:
     ‘memoise’ ‘tidyr’
     All declared Imports should be used.
Flavors: r-devel-linux-x86_64-fedora-clang, r-devel-linux-x86_64-fedora-gcc, r-patched-solaris-x86, r-release-osx-x86_64

Version: 0.2.0
Check: data for non-ASCII characters
Result: NOTE
     Note: found 988 marked UTF-8 strings
Flavors: r-devel-linux-x86_64-fedora-clang, r-devel-linux-x86_64-fedora-gcc, r-patched-solaris-x86, r-release-osx-x86_64

Version: 0.2.0
Check: tests
Result: ERROR
     Running ‘testthat.R’ [16s/428s]
    Running the tests in ‘tests/testthat.R’ failed.
    Complete output:
     > library(testthat)
     > library(rtrek)
     >
     > test_check("rtrek")
     Total pages to retrieve all results: 64
     ── 1. Error: stapi returns as expected (@test-api.R#14) ───────────────────────
     Timeout was reached: Resolving timed out after 10000 milliseconds
     1: stapi("character", page = c(2, 4)) at testthat/test-api.R:14
     2: jsonlite::fromJSON(paste0(uri, "0&pageSize=100"))
     3: parse_and_simplify(txt = txt, simplifyVector = simplifyVector, simplifyDataFrame = simplifyDataFrame,
     simplifyMatrix = simplifyMatrix, flatten = flatten, ...)
     4: parseJSON(txt, bigint_as_char)
     5: parse_con(txt, bigint_as_char)
     6: open(con, "rb")
     7: open.connection(con, "rb")
    
     2360
     ══ testthat results ═══════════════════════════════════════════════════════════
     OK: 111 SKIPPED: 4 FAILED: 1
     1. Error: stapi returns as expected (@test-api.R#14)
    
     Error: testthat unit tests failed
     Execution halted
Flavor: r-patched-solaris-x86

Version: 0.2.0
Check: re-building of vignette outputs
Result: WARN
    Error in re-building vignettes:
     ...
    Warning in engine$weave(file, quiet = quiet, encoding = enc) :
     Pandoc (>= 1.12.3) and/or pandoc-citeproc not available. Falling back to R Markdown v1.
    Warning in block_exec(params) :
     Failed to tidy R code in chunk 'pkg_data'. Reason:
    Error in loadNamespace(name) : there is no package called 'formatR'
    
    Warning in block_exec(params) :
     Failed to tidy R code in chunk 'stBooksWiki'. Reason:
    Error in loadNamespace(name) : there is no package called 'formatR'
    
    Warning in block_exec(params) :
     Failed to tidy R code in chunk 'st_books_wiki'. Reason:
    Error in loadNamespace(name) : there is no package called 'formatR'
    
    Warning in block_exec(params) :
     Failed to tidy R code in chunk 'st_books_wiki2'. Reason:
    Error in loadNamespace(name) : there is no package called 'formatR'
    
    Warning in block_exec(params) :
     Failed to tidy R code in chunk 'stBooks'. Reason:
    Error in loadNamespace(name) : there is no package called 'formatR'
    
    Warning in block_exec(params) :
     Failed to tidy R code in chunk 'stSeries'. Reason:
    Error in loadNamespace(name) : there is no package called 'formatR'
    
    Warning in block_exec(params) :
     Failed to tidy R code in chunk 'stTiles'. Reason:
    Error in loadNamespace(name) : there is no package called 'formatR'
    
    Warning in block_exec(params) :
     Failed to tidy R code in chunk 'stGeo'. Reason:
    Error in loadNamespace(name) : there is no package called 'formatR'
    
    Warning in block_exec(params) :
     Failed to tidy R code in chunk 'tile_coords'. Reason:
    Error in loadNamespace(name) : there is no package called 'formatR'
    
    Quitting from lines 105-110 (rtrek.Rmd)
    Error: processing vignette 'rtrek.Rmd' failed with diagnostics:
    there is no package called 'webshot'
    Execution halted
Flavor: r-patched-solaris-x86

Version: 0.2.0
Check: re-building of vignette outputs
Result: WARN
    Error in re-building vignettes:
     ...
    Warning in engine$weave(file, quiet = quiet, encoding = enc) :
     Pandoc (>= 1.12.3) and/or pandoc-citeproc not available. Falling back to R Markdown v1.
    PhantomJS not found. You can install it with webshot::install_phantomjs(). If it is installed, please make sure the phantomjs executable can be found via the PATH variable.
    Warning in normalizePath(f2) :
     path[1]="./webshot185cf1e31ca10.png": No such file or directory
    Warning in file(con, "rb") :
     cannot open file './webshot185cf1e31ca10.png': No such file or directory
    Quitting from lines 105-110 (rtrek.Rmd)
    Error: processing vignette 'rtrek.Rmd' failed with diagnostics:
    cannot open the connection
    Execution halted
Flavor: r-release-osx-x86_64

Version: 0.1.0
Check: data for non-ASCII characters
Result: NOTE
     Note: found 992 marked UTF-8 strings
Flavor: r-oldrel-osx-x86_64

Version: 0.1.0
Check: re-building of vignette outputs
Result: WARN
    Error in re-building vignettes:
     ...
    Warning in engine$weave(file, quiet = quiet, encoding = enc) :
     Pandoc (>= 1.12.3) and/or pandoc-citeproc not available. Falling back to R Markdown v1.
    Warning in engine$weave(file, quiet = quiet, encoding = enc) :
     Pandoc (>= 1.12.3) and/or pandoc-citeproc not available. Falling back to R Markdown v1.
    PhantomJS not found. You can install it with webshot::install_phantomjs(). If it is installed, please make sure the phantomjs executable can be found via the PATH variable.
    Warning in normalizePath(f2) :
     path[1]="./webshot697547ea5b93.png": No such file or directory
    Warning in file(con, "rb") :
     cannot open file './webshot697547ea5b93.png': No such file or directory
    Quitting from lines 84-89 (rtrek.Rmd)
    Error: processing vignette 'rtrek.Rmd' failed with diagnostics:
    cannot open the connection
    Execution halted
Flavor: r-oldrel-osx-x86_64