CRAN Package Check Results for Package rzeit2

Last updated on 2019-01-15 00:46:44 CET.

Flavor Version Tinstall Tcheck Ttotal Status Flags
r-devel-linux-x86_64-debian-clang 0.2.3 2.26 36.01 38.27 OK
r-devel-linux-x86_64-debian-gcc 0.2.3 1.76 29.17 30.93 OK
r-devel-linux-x86_64-fedora-clang 0.2.3 46.05 NOTE
r-devel-linux-x86_64-fedora-gcc 0.2.3 42.76 NOTE
r-devel-windows-ix86+x86_64 0.2.3 5.00 66.00 71.00 OK
r-patched-linux-x86_64 0.2.3 2.10 33.34 35.44 OK
r-patched-solaris-x86 0.2.3 73.30 NOTE
r-release-linux-x86_64 0.2.3 2.27 33.19 35.46 OK
r-release-windows-ix86+x86_64 0.2.3 6.00 52.00 58.00 OK
r-release-osx-x86_64 0.2.3 NOTE
r-oldrel-windows-ix86+x86_64 0.2.3 8.00 75.00 83.00 OK
r-oldrel-osx-x86_64 0.2.0 NOTE

Check Details

Version: 0.2.3
Check: data for non-ASCII characters
Result: NOTE
     Note: found 841 marked UTF-8 strings
Flavors: r-devel-linux-x86_64-fedora-clang, r-devel-linux-x86_64-fedora-gcc, r-patched-solaris-x86, r-release-osx-x86_64

Version: 0.2.0
Check: data for non-ASCII characters
Result: NOTE
     Note: found 841 marked UTF-8 strings
Flavor: r-oldrel-osx-x86_64