Last updated on 2019-01-15 00:46:45 CET.
Flavor | Version | Tinstall | Tcheck | Ttotal | Status | Flags |
---|---|---|---|---|---|---|
r-devel-linux-x86_64-debian-clang | 0.2.0 | 16.77 | 155.38 | 172.15 | OK | |
r-devel-linux-x86_64-debian-gcc | 0.2.0 | 13.43 | 115.24 | 128.67 | OK | |
r-devel-linux-x86_64-fedora-clang | 0.2.0 | 206.36 | NOTE | |||
r-devel-linux-x86_64-fedora-gcc | 0.2.0 | 192.12 | NOTE | |||
r-devel-windows-ix86+x86_64 | 0.2.0 | 33.00 | 235.00 | 268.00 | OK | |
r-patched-linux-x86_64 | 0.2.0 | 18.29 | 147.33 | 165.62 | OK | |
r-patched-solaris-x86 | 0.2.0 | 261.90 | OK | |||
r-release-linux-x86_64 | 0.2.0 | 18.18 | 146.19 | 164.37 | OK | |
r-release-windows-ix86+x86_64 | 0.2.0 | 39.00 | 193.00 | 232.00 | OK | |
r-release-osx-x86_64 | 0.2.0 | OK | ||||
r-oldrel-windows-ix86+x86_64 | 0.2.0 | 33.00 | 223.00 | 256.00 | OK | |
r-oldrel-osx-x86_64 | 0.2.0 | OK |
Version: 0.2.0
Check: compiled code
Result: NOTE
File ‘sBIC/libs/sBIC.so’:
Found no calls to: ‘R_registerRoutines’, ‘R_useDynamicSymbols’
It is good practice to register native routines and to disable symbol
search.
See ‘Writing portable packages’ in the ‘Writing R Extensions’ manual.
Flavors: r-devel-linux-x86_64-fedora-clang, r-devel-linux-x86_64-fedora-gcc