Last updated on 2019-01-15 00:46:45 CET.
Flavor | Version | Tinstall | Tcheck | Ttotal | Status | Flags |
---|---|---|---|---|---|---|
r-devel-linux-x86_64-debian-clang | 0.2.0 | 5.92 | 79.71 | 85.63 | OK | |
r-devel-linux-x86_64-debian-gcc | 0.2.2 | 4.54 | 68.99 | 73.53 | OK | |
r-devel-linux-x86_64-fedora-clang | 0.2.2 | 85.18 | OK | |||
r-devel-linux-x86_64-fedora-gcc | 0.2.2 | 75.43 | OK | |||
r-devel-windows-ix86+x86_64 | 0.2.0 | 12.00 | 99.00 | 111.00 | OK | |
r-patched-linux-x86_64 | 0.2.0 | 4.68 | 75.18 | 79.86 | OK | |
r-patched-solaris-x86 | 0.2.0 | 105.40 | OK | |||
r-release-linux-x86_64 | 0.2.0 | 5.34 | 57.74 | 63.08 | OK | |
r-release-windows-ix86+x86_64 | 0.2.0 | 13.00 | 72.00 | 85.00 | OK | |
r-release-osx-x86_64 | 0.2.0 | OK | ||||
r-oldrel-windows-ix86+x86_64 | 0.2.2 | 10.00 | 116.00 | 126.00 | NOTE | |
r-oldrel-osx-x86_64 | 0.1.9 | OK |
Version: 0.2.2
Check: R code for possible problems
Result: NOTE
perf_eva: no visible global function definition for 'isFALSE'
Undefined global functions or variables:
isFALSE
Flavor: r-oldrel-windows-ix86+x86_64