CRAN Package Check Results for Package sdStaf

Last updated on 2019-01-15 00:46:45 CET.

Flavor Version Tinstall Tcheck Ttotal Status Flags
r-devel-linux-x86_64-debian-clang 1.0.2 9.92 100.65 110.57 OK
r-devel-linux-x86_64-debian-gcc 1.0.2 6.15 80.17 86.32 OK
r-devel-linux-x86_64-fedora-clang 1.0.2 128.96 NOTE
r-devel-linux-x86_64-fedora-gcc 1.0.2 121.37 NOTE
r-devel-windows-ix86+x86_64 1.0.2 16.00 149.00 165.00 OK
r-patched-linux-x86_64 1.0.2 7.04 89.61 96.65 OK
r-patched-solaris-x86 1.0.2 179.50 NOTE
r-release-linux-x86_64 1.0.2 9.84 88.76 98.60 OK
r-release-windows-ix86+x86_64 1.0.2 22.00 103.00 125.00 OK
r-release-osx-x86_64 1.0.2 NOTE
r-oldrel-windows-ix86+x86_64 1.0.2 14.00 114.00 128.00 OK
r-oldrel-osx-x86_64 1.0.2 NOTE

Check Details

Version: 1.0.2
Check: dependencies in R code
Result: NOTE
    Namespaces in Imports field not imported from:
     ‘rgdal’ ‘rgeos’ ‘tidyr’
     All declared Imports should be used.
Flavors: r-devel-linux-x86_64-fedora-clang, r-devel-linux-x86_64-fedora-gcc, r-patched-solaris-x86, r-release-osx-x86_64, r-oldrel-osx-x86_64