CRAN Package Check Results for Package seqinr

Last updated on 2019-01-15 00:46:45 CET.

Flavor Version Tinstall Tcheck Ttotal Status Flags
r-devel-linux-x86_64-debian-clang 3.4-5 13.33 95.07 108.40 OK
r-devel-linux-x86_64-debian-gcc 3.4-5 10.10 74.82 84.92 OK
r-devel-linux-x86_64-fedora-clang 3.4-5 125.54 NOTE
r-devel-linux-x86_64-fedora-gcc 3.4-5 122.49 OK
r-devel-windows-ix86+x86_64 3.4-5 24.00 183.00 207.00 NOTE
r-patched-linux-x86_64 3.4-5 12.95 90.88 103.83 OK
r-patched-solaris-x86 3.4-5 170.70 NOTE
r-release-linux-x86_64 3.4-5 11.99 90.93 102.92 OK
r-release-windows-ix86+x86_64 3.4-5 36.00 139.00 175.00 NOTE
r-release-osx-x86_64 3.4-5 NOTE
r-oldrel-windows-ix86+x86_64 3.4-5 20.00 141.00 161.00 NOTE
r-oldrel-osx-x86_64 3.4-5 NOTE

Check Details

Version: 3.4-5
Check: installed package size
Result: NOTE
     installed size is 5.5Mb
     sub-directories of 1Mb or more:
     data 1.4Mb
     sequences 1.9Mb
Flavors: r-devel-linux-x86_64-fedora-clang, r-devel-windows-ix86+x86_64, r-patched-solaris-x86, r-release-windows-ix86+x86_64, r-release-osx-x86_64, r-oldrel-windows-ix86+x86_64, r-oldrel-osx-x86_64