CRAN Package Check Results for Package shinyHeatmaply

Last updated on 2019-01-15 00:46:45 CET.

Flavor Version Tinstall Tcheck Ttotal Status Flags
r-devel-linux-x86_64-debian-clang 0.1.0 6.38 75.07 81.45 OK
r-devel-linux-x86_64-debian-gcc 0.1.0 5.77 57.61 63.38 OK
r-devel-linux-x86_64-fedora-clang 0.1.0 95.13 NOTE
r-devel-linux-x86_64-fedora-gcc 0.1.0 94.02 NOTE
r-devel-windows-ix86+x86_64 0.1.0 11.00 125.00 136.00 OK
r-patched-linux-x86_64 0.1.0 6.27 69.23 75.50 OK
r-patched-solaris-x86 0.1.0 144.50 NOTE
r-release-linux-x86_64 0.1.0 6.80 69.07 75.87 OK
r-release-windows-ix86+x86_64 0.1.0 15.00 87.00 102.00 OK
r-release-osx-x86_64 0.1.0 NOTE
r-oldrel-windows-ix86+x86_64 0.1.0 13.00 88.00 101.00 OK
r-oldrel-osx-x86_64 0.1.0 NOTE

Check Details

Version: 0.1.0
Check: dependencies in R code
Result: NOTE
    Namespaces in Imports field not imported from:
     ‘RColorBrewer’ ‘htmlwidgets’ ‘jsonlite’ ‘viridis’
     All declared Imports should be used.
Flavors: r-devel-linux-x86_64-fedora-clang, r-devel-linux-x86_64-fedora-gcc, r-patched-solaris-x86, r-release-osx-x86_64, r-oldrel-osx-x86_64