Last updated on 2019-01-15 00:46:45 CET.
Flavor | Version | Tinstall | Tcheck | Ttotal | Status | Flags |
---|---|---|---|---|---|---|
r-devel-linux-x86_64-debian-clang | 1.0.5 | 1.03 | 17.74 | 18.77 | OK | |
r-devel-linux-x86_64-debian-gcc | 1.0.5 | 0.82 | 14.78 | 15.60 | OK | |
r-devel-linux-x86_64-fedora-clang | 1.0.5 | 22.72 | NOTE | |||
r-devel-linux-x86_64-fedora-gcc | 1.0.5 | 21.72 | NOTE | |||
r-devel-windows-ix86+x86_64 | 1.0.5 | 3.00 | 40.00 | 43.00 | OK | |
r-patched-linux-x86_64 | 1.0.5 | 0.96 | 16.82 | 17.78 | OK | |
r-patched-solaris-x86 | 1.0.5 | 35.30 | NOTE | |||
r-release-linux-x86_64 | 1.0.5 | 0.95 | 16.72 | 17.67 | OK | |
r-release-windows-ix86+x86_64 | 1.0.5 | 4.00 | 31.00 | 35.00 | OK | |
r-release-osx-x86_64 | 1.0.5 | NOTE | ||||
r-oldrel-windows-ix86+x86_64 | 1.0.5 | 3.00 | 29.00 | 32.00 | OK | |
r-oldrel-osx-x86_64 | 1.0.5 | NOTE |
Version: 1.0.5
Check: dependencies in R code
Result: NOTE
Namespaces in Imports field not imported from:
‘KGode’ ‘XML’ ‘ggplot2’ ‘gridExtra’ ‘mvtnorm’ ‘reshape2’ ‘shinyjs’
All declared Imports should be used.
Flavors: r-devel-linux-x86_64-fedora-clang, r-devel-linux-x86_64-fedora-gcc, r-patched-solaris-x86, r-release-osx-x86_64, r-oldrel-osx-x86_64