Last updated on 2019-01-15 00:46:45 CET.
Flavor | Version | Tinstall | Tcheck | Ttotal | Status | Flags |
---|---|---|---|---|---|---|
r-devel-linux-x86_64-debian-clang | 1.0 | 1.70 | 28.89 | 30.59 | OK | |
r-devel-linux-x86_64-debian-gcc | 1.0 | 0.98 | 22.98 | 23.96 | OK | |
r-devel-linux-x86_64-fedora-clang | 1.0 | 37.13 | NOTE | |||
r-devel-linux-x86_64-fedora-gcc | 1.0 | 35.64 | NOTE | |||
r-devel-windows-ix86+x86_64 | 1.0 | 4.00 | 72.00 | 76.00 | OK | |
r-patched-linux-x86_64 | 1.0 | 1.60 | 24.65 | 26.25 | OK | |
r-patched-solaris-x86 | 1.0 | 46.70 | NOTE | |||
r-release-linux-x86_64 | 1.0 | 1.74 | 24.81 | 26.55 | OK | |
r-release-windows-ix86+x86_64 | 1.0 | 7.00 | 44.00 | 51.00 | OK | |
r-release-osx-x86_64 | 1.0 | NOTE | ||||
r-oldrel-windows-ix86+x86_64 | 1.0 | 3.00 | 49.00 | 52.00 | OK | |
r-oldrel-osx-x86_64 | 1.0 | NOTE |
Version: 1.0
Check: dependencies in R code
Result: NOTE
Namespace in Imports field not imported from: ‘htmltools’
All declared Imports should be used.
Flavors: r-devel-linux-x86_64-fedora-clang, r-devel-linux-x86_64-fedora-gcc, r-patched-solaris-x86, r-release-osx-x86_64, r-oldrel-osx-x86_64