Last updated on 2019-01-15 00:46:46 CET.
Flavor | Version | Tinstall | Tcheck | Ttotal | Status | Flags |
---|---|---|---|---|---|---|
r-devel-linux-x86_64-debian-clang | 0.1.21 | 5.09 | 40.65 | 45.74 | OK | |
r-devel-linux-x86_64-debian-gcc | 0.1.21 | 4.09 | 30.69 | 34.78 | OK | |
r-devel-linux-x86_64-fedora-clang | 0.1.21 | 53.43 | NOTE | |||
r-devel-linux-x86_64-fedora-gcc | 0.1.21 | 53.91 | NOTE | |||
r-devel-windows-ix86+x86_64 | 0.1.21 | 7.00 | 67.00 | 74.00 | OK | |
r-patched-linux-x86_64 | 0.1.21 | 4.65 | 37.08 | 41.73 | OK | |
r-patched-solaris-x86 | 0.1.21 | 73.40 | NOTE | |||
r-release-linux-x86_64 | 0.1.21 | 3.97 | 38.30 | 42.27 | OK | |
r-release-windows-ix86+x86_64 | 0.1.21 | 10.00 | 49.00 | 59.00 | OK | |
r-release-osx-x86_64 | 0.1.21 | NOTE | ||||
r-oldrel-windows-ix86+x86_64 | 0.1.21 | 4.00 | 53.00 | 57.00 | OK | |
r-oldrel-osx-x86_64 | 0.1.21 | NOTE |
Version: 0.1.21
Check: dependencies in R code
Result: NOTE
Namespaces in Imports field not imported from:
‘KernSmooth’ ‘MASS’ ‘class’ ‘cluster’ ‘lattice’ ‘nnet’
All declared Imports should be used.
Flavors: r-devel-linux-x86_64-fedora-clang, r-devel-linux-x86_64-fedora-gcc, r-patched-solaris-x86, r-release-osx-x86_64, r-oldrel-osx-x86_64