CRAN Package Check Results for Package slp

Last updated on 2019-01-15 00:46:46 CET.

Flavor Version Tinstall Tcheck Ttotal Status Flags
r-devel-linux-x86_64-debian-clang 1.0-5 5.45 59.60 65.05 OK
r-devel-linux-x86_64-debian-gcc 1.0-5 4.94 48.02 52.96 OK
r-devel-linux-x86_64-fedora-clang 1.0-5 82.48 NOTE
r-devel-linux-x86_64-fedora-gcc 1.0-5 92.77 NOTE
r-devel-windows-ix86+x86_64 1.0-5 13.00 125.00 138.00 OK
r-patched-linux-x86_64 1.0-5 5.16 56.57 61.73 OK
r-patched-solaris-x86 1.0-5 133.80 OK
r-release-linux-x86_64 1.0-5 5.06 56.23 61.29 OK
r-release-windows-ix86+x86_64 1.0-5 18.00 86.00 104.00 OK
r-release-osx-x86_64 1.0-5 OK
r-oldrel-windows-ix86+x86_64 1.0-5 14.00 90.00 104.00 OK
r-oldrel-osx-x86_64 1.0-5 OK

Check Details

Version: 1.0-5
Check: compiled code
Result: NOTE
    File ‘slp/libs/slp.so’:
     Found no calls to: ‘R_registerRoutines’, ‘R_useDynamicSymbols’
    
    It is good practice to register native routines and to disable symbol
    search.
    
    See ‘Writing portable packages’ in the ‘Writing R Extensions’ manual.
Flavors: r-devel-linux-x86_64-fedora-clang, r-devel-linux-x86_64-fedora-gcc