CRAN Package Check Results for Package smartR

Last updated on 2019-01-15 00:46:46 CET.

Flavor Version Tinstall Tcheck Ttotal Status Flags
r-devel-linux-x86_64-debian-clang 0.62.0 33.05 239.16 272.21 OK
r-devel-linux-x86_64-debian-gcc 0.62.0 25.49 186.88 212.37 OK
r-devel-linux-x86_64-fedora-clang 0.62.0 345.20 OK
r-devel-linux-x86_64-fedora-gcc 0.62.0 362.43 OK
r-devel-windows-ix86+x86_64 0.62.0 53.00 339.00 392.00 OK
r-patched-linux-x86_64 0.62.0 31.15 230.42 261.57 OK
r-patched-solaris-x86 0.62.0 570.80 OK
r-release-linux-x86_64 0.62.0 34.65 230.39 265.04 OK
r-release-windows-ix86+x86_64 0.62.0 73.00 222.00 295.00 OK
r-release-osx-x86_64 0.62.0 ERROR
r-oldrel-windows-ix86+x86_64 0.62.0 38.00 245.00 283.00 OK
r-oldrel-osx-x86_64 0.62.0 ERROR

Check Details

Version: 0.62.0
Check: package dependencies
Result: ERROR
    Package required but not available: ‘gWidgets2RGtk2’
    
    See section ‘The DESCRIPTION file’ in the ‘Writing R Extensions’
    manual.
Flavors: r-release-osx-x86_64, r-oldrel-osx-x86_64