Last updated on 2019-01-15 00:46:46 CET.
Flavor | Version | Tinstall | Tcheck | Ttotal | Status | Flags |
---|---|---|---|---|---|---|
r-devel-linux-x86_64-debian-clang | 1.1.1 | 0.98 | 17.49 | 18.47 | NOTE | |
r-devel-linux-x86_64-debian-gcc | 1.1.1 | 0.81 | 14.45 | 15.26 | NOTE | |
r-devel-linux-x86_64-fedora-clang | 1.1.1 | 22.93 | NOTE | |||
r-devel-linux-x86_64-fedora-gcc | 1.1.1 | 22.00 | NOTE | |||
r-devel-windows-ix86+x86_64 | 1.1.1 | 2.00 | 42.00 | 44.00 | NOTE | |
r-patched-linux-x86_64 | 1.1.1 | 0.93 | 16.13 | 17.06 | NOTE | |
r-patched-solaris-x86 | 1.1.1 | 34.40 | NOTE | |||
r-release-linux-x86_64 | 1.1.1 | 0.89 | 16.13 | 17.02 | NOTE | |
r-release-windows-ix86+x86_64 | 1.1.1 | 3.00 | 29.00 | 32.00 | NOTE | |
r-release-osx-x86_64 | 1.1.1 | NOTE | ||||
r-oldrel-windows-ix86+x86_64 | 1.1.1 | 2.00 | 26.00 | 28.00 | NOTE | |
r-oldrel-osx-x86_64 | 1.1.1 | NOTE |
Version: 1.1.1
Check: R code for possible problems
Result: NOTE
plot.soma: no visible global function definition for ‘plot’
soma: no visible global function definition for ‘runif’
Undefined global functions or variables:
plot runif
Consider adding
importFrom("graphics", "plot")
importFrom("stats", "runif")
to your NAMESPACE file.
Flavors: r-devel-linux-x86_64-debian-clang, r-devel-linux-x86_64-debian-gcc, r-devel-linux-x86_64-fedora-clang, r-devel-linux-x86_64-fedora-gcc, r-devel-windows-ix86+x86_64, r-patched-linux-x86_64, r-patched-solaris-x86, r-release-linux-x86_64, r-release-windows-ix86+x86_64, r-release-osx-x86_64, r-oldrel-windows-ix86+x86_64, r-oldrel-osx-x86_64