Last updated on 2019-01-15 00:46:47 CET.
Flavor | Version | Tinstall | Tcheck | Ttotal | Status | Flags |
---|---|---|---|---|---|---|
r-devel-linux-x86_64-debian-clang | 0.3 | 9.26 | 76.53 | 85.79 | OK | |
r-devel-linux-x86_64-debian-gcc | 0.3 | 7.36 | 61.47 | 68.83 | OK | |
r-devel-linux-x86_64-fedora-clang | 0.3 | 106.78 | OK | |||
r-devel-linux-x86_64-fedora-gcc | 0.3 | 102.30 | OK | |||
r-devel-windows-ix86+x86_64 | 0.3 | 11.00 | 109.00 | 120.00 | OK | |
r-patched-linux-x86_64 | 0.3 | 9.30 | 72.80 | 82.10 | OK | |
r-patched-solaris-x86 | 0.3 | 182.40 | OK | |||
r-release-linux-x86_64 | 0.3 | 8.40 | 73.36 | 81.76 | OK | |
r-release-windows-ix86+x86_64 | 0.3 | 17.00 | 82.00 | 99.00 | OK | |
r-release-osx-x86_64 | 0.3 | NOTE | ||||
r-oldrel-windows-ix86+x86_64 | 0.3 | 15.00 | 85.00 | 100.00 | OK | |
r-oldrel-osx-x86_64 | 0.3 | OK |
Version: 0.3
Check: package dependencies
Result: NOTE
Package suggested but not available for checking: ‘antaresViz’
Flavor: r-release-osx-x86_64
Version: 0.3
Check: Rd cross-references
Result: NOTE
Package unavailable to check Rd xrefs: ‘antaresViz’
Flavor: r-release-osx-x86_64