Last updated on 2019-01-15 00:46:47 CET.
Flavor | Version | Tinstall | Tcheck | Ttotal | Status | Flags |
---|---|---|---|---|---|---|
r-devel-linux-x86_64-debian-clang | 0.1.0 | 3.65 | 47.55 | 51.20 | OK | |
r-devel-linux-x86_64-debian-gcc | 0.1.0 | 3.32 | 36.69 | 40.01 | OK | |
r-devel-linux-x86_64-fedora-clang | 0.1.0 | 62.00 | OK | |||
r-devel-linux-x86_64-fedora-gcc | 0.1.0 | 65.05 | OK | |||
r-devel-windows-ix86+x86_64 | 0.1.0 | 7.00 | 90.00 | 97.00 | OK | |
r-patched-linux-x86_64 | 0.1.0 | 2.68 | 43.80 | 46.48 | NOTE | |
r-patched-solaris-x86 | 0.1.0 | 100.90 | OK | |||
r-release-linux-x86_64 | 0.1.0 | 3.21 | 44.38 | 47.59 | NOTE | |
r-release-windows-ix86+x86_64 | 0.1.0 | 18.00 | 60.00 | 78.00 | OK | |
r-release-osx-x86_64 | 0.1.0 | OK | ||||
r-oldrel-windows-ix86+x86_64 | 0.1.0 | 11.00 | 62.00 | 73.00 | OK | |
r-oldrel-osx-x86_64 | 0.1.0 | OK |
Version: 0.1.0
Check: DESCRIPTION meta-information
Result: NOTE
Dependence on R version ‘3.3.2’ not with patchlevel 0
Flavors: r-patched-linux-x86_64, r-release-linux-x86_64