CRAN Package Check Results for Package spectralAnalysis

Last updated on 2019-01-15 00:46:47 CET.

Flavor Version Tinstall Tcheck Ttotal Status Flags
r-devel-linux-x86_64-debian-clang 3.12.0 10.92 108.29 119.21 OK
r-devel-linux-x86_64-debian-gcc 3.12.0 8.36 86.03 94.39 OK
r-devel-linux-x86_64-fedora-clang 3.12.0 137.47 WARN
r-devel-linux-x86_64-fedora-gcc 3.12.0 132.12 WARN
r-devel-windows-ix86+x86_64 3.12.0 17.00 163.00 180.00 OK
r-patched-linux-x86_64 3.12.0 10.36 100.66 111.02 OK
r-patched-solaris-x86 3.12.0 207.10 OK
r-release-linux-x86_64 3.12.0 8.21 97.81 106.02 OK
r-release-windows-ix86+x86_64 3.12.0 27.00 110.00 137.00 OK
r-release-osx-x86_64 3.12.0 OK
r-oldrel-windows-ix86+x86_64 3.12.0 14.00 120.00 134.00 OK
r-oldrel-osx-x86_64 3.12.0 OK

Check Details

Version: 3.12.0
Check: whether package can be installed
Result: WARN
    Found the following significant warnings:
     Warning: namespace ‘Biobase’ is not available and has been replaced
     Warning: namespace ‘bigmemory’ is not available and has been replaced
Flavors: r-devel-linux-x86_64-fedora-clang, r-devel-linux-x86_64-fedora-gcc