CRAN Package Check Results for Package sptemExp

Last updated on 2019-01-15 00:46:47 CET.

Flavor Version Tinstall Tcheck Ttotal Status Flags
r-devel-linux-x86_64-debian-clang 0.1.3 81.24 67.77 149.01 OK
r-devel-linux-x86_64-debian-gcc 0.1.3 80.53 54.89 135.42 OK
r-devel-linux-x86_64-fedora-clang 0.1.3 203.98 NOTE
r-devel-linux-x86_64-fedora-gcc 0.1.3 209.87 NOTE
r-devel-windows-ix86+x86_64 0.1.3 156.00 180.00 336.00 NOTE
r-patched-linux-x86_64 0.1.3 93.29 64.88 158.17 OK
r-patched-solaris-x86 0.1.3 228.80 NOTE
r-release-linux-x86_64 0.1.3 96.23 64.69 160.92 OK
r-release-windows-ix86+x86_64 0.1.3 219.00 122.00 341.00 NOTE
r-release-osx-x86_64 0.1.3 NOTE
r-oldrel-windows-ix86+x86_64 0.1.3 162.00 130.00 292.00 NOTE
r-oldrel-osx-x86_64 0.1.3 NOTE

Check Details

Version: 0.1.3
Check: installed package size
Result: NOTE
     installed size is 18.5Mb
     sub-directories of 1Mb or more:
     data 3.4Mb
     libs 14.3Mb
Flavors: r-devel-linux-x86_64-fedora-clang, r-devel-windows-ix86+x86_64, r-release-windows-ix86+x86_64, r-release-osx-x86_64, r-oldrel-windows-ix86+x86_64, r-oldrel-osx-x86_64

Version: 0.1.3
Check: dependencies in R code
Result: NOTE
    Namespaces in Imports field not imported from:
     ‘BayesX’ ‘BayesXsrc’ ‘automap’ ‘plyr’ ‘rgdal’ ‘splines’
     All declared Imports should be used.
Flavors: r-devel-linux-x86_64-fedora-clang, r-devel-linux-x86_64-fedora-gcc, r-patched-solaris-x86, r-release-osx-x86_64, r-oldrel-osx-x86_64