CRAN Package Check Results for Package staRdom

Last updated on 2019-01-15 00:46:48 CET.

Flavor Version Tinstall Tcheck Ttotal Status Flags
r-devel-linux-x86_64-debian-clang 1.0.8 11.33 188.64 199.97 OK
r-devel-linux-x86_64-debian-gcc 1.0.8 9.61 144.31 153.92 OK
r-devel-linux-x86_64-fedora-clang 1.0.8 229.93 NOTE
r-devel-linux-x86_64-fedora-gcc 1.0.8 215.41 NOTE
r-devel-windows-ix86+x86_64 1.0.8 16.00 365.00 381.00 OK
r-patched-linux-x86_64 1.0.8 9.89 172.71 182.60 OK
r-patched-solaris-x86 1.0.8 370.80 NOTE
r-release-linux-x86_64 1.0.8 9.49 174.22 183.71 OK
r-release-windows-ix86+x86_64 1.0.8 30.00 214.00 244.00 OK
r-release-osx-x86_64 1.0.8 NOTE
r-oldrel-windows-ix86+x86_64 1.0.8 20.00 234.00 254.00 OK
r-oldrel-osx-x86_64 1.0.8 NOTE

Check Details

Version: 1.0.8
Check: dependencies in R code
Result: NOTE
    Namespaces in Imports field not imported from:
     ‘readr’ ‘tools’
     All declared Imports should be used.
Flavors: r-devel-linux-x86_64-fedora-clang, r-devel-linux-x86_64-fedora-gcc, r-patched-solaris-x86, r-release-osx-x86_64, r-oldrel-osx-x86_64