CRAN Package Check Results for Package strandCet

Last updated on 2019-01-15 00:46:48 CET.

Flavor Version Tinstall Tcheck Ttotal Status Flags
r-devel-linux-x86_64-debian-clang 1.0 2.55 40.84 43.39 OK
r-devel-linux-x86_64-debian-gcc 1.0 2.03 32.05 34.08 OK
r-devel-linux-x86_64-fedora-clang 1.0 50.60 NOTE
r-devel-linux-x86_64-fedora-gcc 1.0 50.22 NOTE
r-devel-windows-ix86+x86_64 1.0 5.00 74.00 79.00 OK
r-patched-linux-x86_64 1.0 2.29 37.99 40.28 OK
r-patched-solaris-x86 1.0 73.20 NOTE
r-release-linux-x86_64 1.0 2.94 38.02 40.96 OK
r-release-windows-ix86+x86_64 1.0 8.00 53.00 61.00 OK
r-release-osx-x86_64 1.0 NOTE
r-oldrel-windows-ix86+x86_64 1.0 4.00 55.00 59.00 OK
r-oldrel-osx-x86_64 1.0 NOTE

Check Details

Version: 1.0
Check: dependencies in R code
Result: NOTE
    Namespace in Imports field not imported from: ‘boot’
     All declared Imports should be used.
Flavors: r-devel-linux-x86_64-fedora-clang, r-devel-linux-x86_64-fedora-gcc, r-patched-solaris-x86, r-release-osx-x86_64, r-oldrel-osx-x86_64